*v(o) - 2*x(o). List the prime factors of w(14).
13
Let a be 2/13 - (-125712)/(-351). List the prime factors of (-3 + 5)/(-4)*a.
179
Suppose -5845 = -20*k + 14355. What are the prime factors of k?
2, 5, 101
Let v = 4273 - 2331. What are the prime factors of v?
2, 971
Suppose -2*i - 29 = -g - 4*g, 0 = -5*g + 3*i + 31. Suppose 5*s - 5 = -5*u, -g*u + 11 = -5*s - 4. Suppose 0 = 3*f + u*f - 260. What are the prime factors of f?
2, 13
List the prime factors of ((-4004418)/(-72))/11 + (-2)/24.
2, 79
List the prime factors of 4/5 - (-30249)/45.
673
Suppose -10 = -t + 1. Suppose -15*s + t*s + 108 = 0. List the prime factors of ((-3 - -5) + s)*1.
29
Let d = 4 + -1. Suppose v + 4*o - 11 - 9 = 0, 5*v + d*o - 100 = 0. Suppose 0 = -5*a - v, -2*k - a = -12 - 46. What are the prime factors of k?
31
Suppose 0 = 4*h - 1878 - 198. What are the prime factors of h?
3, 173
Suppose 3908 = 2*z + 768. List the prime factors of z.
2, 5, 157
Suppose 5*b - 754 = -2*i, -10*i - 441 = -3*b - 15*i. List the prime factors of b.
2, 19
Suppose 0 = -33*a + 30*a + 996. List the prime factors of a.
2, 83
Let c = -1771 - -2592. What are the prime factors of c?
821
Suppose 0 = 5*x - 4*x + 17. Let v = 13 + x. What are the prime factors of (-24)/20*90/v?
3
Let f(c) = c**2 + 4*c + 2. Let w = 4 - 7. Let a be f(w). List the prime factors of 1 - a*24/1.
5
Suppose -4*u - p + 1 = -15, -p = -2*u + 2. List the prime factors of u.
3
Let i = -21 + 24. Let h(y) = 4*y**3 - 3*y**2 + 4*y + 7. List the prime factors of h(i).
2, 5
Let u(s) = s. Let h be u(6). Suppose -h*g + 7*g = 0. List the prime factors of 3 - g - (-12)/1.
3, 5
Let u(z) be the second derivative of z**6/120 + z**4/12 - z**3/2 - 2*z**2 - 3*z. Let k(s) be the first derivative of u(s). List the prime factors of k(2).
3
Suppose -4*u = -2*w + 3276, -5 = -0*u - u. List the prime factors of w.
2, 103
List the prime factors of 60048/96*(-1)/(-6)*4.
3, 139
Let o(z) = z**2 - 2*z - 8. Let n be o(0). Let k(x) = 3*x - 5. Let c(h) = -h. Let i(t) = -c(t) - k(t). What are the prime factors of i(n)?
3, 7
Suppose -5*r - 53 = 7. Let h be 5*(-6)/(-45)*r. Let p = 26 + h. What are the prime factors of p?
2, 3
Suppose -2*s = s + 471. Let a = s - -253. Suppose -3*h - 2 = 10, 4*v + h - a = 0. List the prime factors of v.
5
Suppose 4*b = 2*b + 4. Suppose 6*r + 8 = b*r. What are the prime factors of r*(0 + (-58)/4)?
29
Suppose 2*b - 9 = n, -5*n + 4*n = b. Let c be 78 - (-3 - n - -2). List the prime factors of -3*3/(-18)*c.
2, 19
Let d(j) = 1051*j + 662. What are the prime factors of d(4)?
2, 3, 811
Let w(b) = 21*b**2 + 10*b + 11. Let n(k) = 41*k**2 + 21*k + 22. Let i(h) = 4*n(h) - 7*w(h). What are the prime factors of i(-4)?
227
Let i be (4/14)/((-2)/(-14)). Suppose 0 = c - 2*u - 130, -4*c = i*u - 6*u - 512. Let x = c - 83. What are the prime factors of x?
43
Suppose 0 = 21*d - 22*d + 146. Let q be 0 + 6 - (-4 - -5). Suppose -q*u + 3*u + d = 0. List the prime factors of u.
73
Let t(b) be the second derivative of 10*b - 1/3*b**3 + 0 - 13/2*b**2 + 1/12*b**4. What are the prime factors of t(-8)?
67
Let h be -4 + (3 - 3 - -126). Suppose -4*s + 78 = -2*q - 84, 3*s = q + h. List the prime factors of s.
41
Suppose -3*i - 2*i + 4*x = -580, 0 = 2*i + 4*x - 260. Suppose -20*u + i = -19*u. List the prime factors of u.
2, 3, 5
Let f = 86 + 11. Let z = f + -5. Suppose -z = -5*s + 4*i + 47, -1 = i. What are the prime factors of s?
3
Let l be ((-6)/(-21))/((-1)/(-511)). Suppose 7*t = 8*t - l. Suppose -2*z = 3*p - t, 3*p - 74 = -z + 77. List the prime factors of p.
2, 13
Let d(o) = -621*o - 35. List the prime factors of d(-4).
31, 79
Suppose -1 = -0*h - 2*h + k, -4*h + 27 = 3*k. Suppose 6*t - 93 = h*t. Suppose 5*s - t = 4*y, 24 + 13 = 5*s + 2*y. List the prime factors of s.
7
Let s(l) = -56*l - 29. List the prime factors of s(-5).
251
Let u(t) = t**3 - 8*t**2 + 8*t - 5. Let v be u(7). Suppose -4*q = -v*l + 24, 4*l - 30 = 4*q - 2*q. List the prime factors of l.
2, 3
Let g(z) = -2*z**2 + 34*z - 30. Let b be g(16). Suppose -b*i - 112 = -2*c, -4*c = c - 3*i - 280. What are the prime factors of c?
2, 7
Suppose 6 = 2*w, -5*d + 2*w = -13 + 4. Suppose -4*o - d*h = -13, 2*o - 3*h + 1 = 12. Suppose -x + o*n + 25 = 0, 32 = -x + 5*x + n. List the prime factors of x.
3
Let b be 0 + (-1 - -3) - 5. Let d be ((-6 - 4) + 3)*(-6)/(-7). What are the prime factors of d*(b + (-15)/(-9))?
2
Let n be -8 - 3/(-9)*0. Let f(p) = p + 8. Let c be f(n). What are the prime factors of 5 - (c + 2 + -3)?
2, 3
What are the prime factors of (-7)/(-5 - -4 - (-142)/144)?
2, 3, 7
Suppose 4*k + c - 29 = 0, 2*k + 0*c = -2*c + 16. Let l be k/4 - (-2)/8. Suppose 2*m + 3*w - 8 = -2, -5*m - l*w + 26 = 0. What are the prime factors of m?
2, 3
Let a = 719 + 15. List the prime factors of a.
2, 367
Suppose 17*c + 8*c = 21750. List the prime factors of c.
2, 3, 5, 29
Suppose -5*m + 2*z + 2*z = -445, 3*m - 314 = -7*z. List the prime factors of m.
3, 31
Let f = 3177 + 227. What are the prime factors of f?
2, 23, 37
Let m(v) = v + 743. List the prime factors of m(66).
809
Let i = -26 + 41. Let c = i - 11. Suppose -2*d + c*f = -2, -5*f = -1 - 14. List the prime factors of d.
7
Let v be 4 + (-1)/(-3)*3. Suppose v*r + 8 = 93. Suppose 125 - r = 4*a. List the prime factors of a.
3
Suppose -25 = b - 20. What are the prime factors of -66*(b/15 - 2)?
2, 7, 11
Suppose 0 = -3*t - 5*l + 55, -t - 9 = -3*l - 4. List the prime factors of 96/t*(4 - -1).
2, 3
Let s be 225/21 - (-2)/7. Let y = -8 + s. Suppose m = 5*c - 3 - 180, 121 = y*c + 5*m. List the prime factors of c.
37
Suppose -4555 = -23*t + 1632. List the prime factors of t.
269
Let w(v) = v**2 + 10*v + 1. Let h be w(-5). Let n be (-11 + 3 - -6)*28/2. Let u = h - n. List the prime factors of u.
2
Let z(u) = -6*u**2 - 16*u + 29. Let j(k) = -k**2 - k - 1. Let p(g) = 5*j(g) - z(g). List the prime factors of p(-17).
2, 17
Suppose j + z + 10 = 0, 0 = 2*j + 5*z + 8 - 3. List the prime factors of (-1 + 0)*(-5 + 3 + j).
17
Let y = -679 + 1101. List the prime factors of y.
2, 211
Suppose -j + 4*v + 1745 = 0, 5*j = -5*v - 571 + 9296. What are the prime factors of j?
5, 349
What are the prime factors of -4 - (-25)/5 - -93?
2, 47
Suppose -t + 5 = 7. Let s be (-5 + 6)/(t/(-38)). Let w = s + -14. What are the prime factors of w?
5
Suppose 1507 = 12*a - a. Let v = -37 + a. List the prime factors of v.
2, 5
Let o(i) be the second derivative of -i**5/10 + i**4/12 - i**3/2 - 3*i**2/2 + 2*i. List the prime factors of o(-4).
3, 17
Suppose 9 = 4*c - 23. Let l = 11 - c. Suppose -69 = -4*u - 5*k, k - 1 = -u + l*k. What are the prime factors of u?
11
What are the prime factors of (-506124)/(-544) + 6/(-16)?
2, 3, 5, 31
List the prime factors of 4 + 43 + 7 + 0.
2, 3
Let p(s) = 18*s - 2. Let y be p(-2). Let f = y + 181. List the prime factors of f.
11, 13
Suppose -3*n = 4*s - 6*n - 1815, 0 = -2*n - 10. List the prime factors of s.
2, 3, 5
Let j(z) = -z**3 - 2*z**2 + 9*z + 6. Let p be j(-4). Suppose p = -2*c, -c - 2*c = 4*m - 257. What are the prime factors of m?
5, 13
Let s(j) = j**2 - 3*j - 5. Let b be s(4). Let q be b/(3/6)*-1. Suppose -z - 3*r + r = -17, q*r = -4*z + 80. What are the prime factors of z?
3, 7
Let f = 6591 + -3830. List the prime factors of f.
11, 251
Let i(u) = u**2 + 8*u + 8. Let q be i(-10). Suppose -q = -9*p + 1088. What are the prime factors of p?
2, 31
Suppose 12 = 3*c, 0 = v - c - 122 - 41. What are the prime factors of v?
167
Suppose 0 = -0*r + 5*r - p - 5100, -2*r = 4*p - 2018. What are the prime factors of r?
1019
Let n(l) = 5*l + 1. Let c(o) = -9*o - 3. Let k(r) = 6*c(r) + 11*n(r). Let i be k(13). List the prime factors of (i/15)/(1/5).
2
Let a(g) = -g + 45. Suppose 9*k + 126 = 15*k. What are the prime factors of a(k)?
2, 3
Suppose 5*r = -r + 18. Suppose -l + 233 = 5*p, -r*p = p - 2*l - 192. What are the prime factors of p?
47
What are the prime factors of (-8)/(-2) - (-4)/(-3)*-231?
2, 3, 13
Let w(y) = y**3 - 9*y**2 + 4*y + 4. Let b be ((-2)/(-3))/((-10)/(-120)). Let h be w(b). Let l = -17 - h. List the prime factors of l.
11
Suppose 0 = -5*o - 295 + 40. Let t be 31*(3 - (3 - 1 - -2)). Let g = t - o. List the prime factors of g.
2, 5
Let o(w) = -w**3 + w**2 - w - 14. Let x be o(0). Let z = 4 - x. List the prime factors of 4/z - (-1608)/54.
2, 3, 5
Let s(q) be the first deriv